ate the greatest common divisor of l and 21.
21
Suppose 0*j - 90 = -5*j. Let r(k) = -k**3 + 5*k**2 + 7*k. Let y be r(6). What is the greatest common divisor of j and y?
6
Let k(b) = -b**3 + 11*b**2 - 12*b - 9. Let l be k(9). Suppose -3*g - 2*g = -l. Let w be (-4)/(-10) - (-56)/10. Calculate the highest common factor of g and w.
3
Let h = 14 + -10. Suppose -2*y - 5*i = 13, 44 = h*y - 2*i - 2*i. Let x be (120/(-9))/(-5)*9. What is the highest common divisor of y and x?
6
Let b(v) = v**2 + 7*v + 9. Let y be b(-6). Suppose -2*d - 8 = -y*d. Let o = 23 + 65. Calculate the greatest common divisor of d and o.
8
Let l(j) be the third derivative of -j**5/60 + j**4/4 + j**3/6 - 2*j**2. Let h be l(3). Calculate the highest common divisor of 90 and h.
10
Suppose -3*j = -9, 5*j + 32 = 4*z - 69. Let p = 51 - z. Suppose -3*d + g = -13, 5*d - p = -g + 13. What is the greatest common divisor of 48 and d?
6
Suppose -10*l + 4*m + 26 = -8*l, 4*m + 47 = 5*l. Suppose t = 5*k + 81, 2*t + 3*k - 209 = -2*t. Calculate the highest common divisor of t and l.
7
Let m be (163/(-3))/(2/(-6)). Suppose 3*n - 193 = -0*n - 5*d, -3*n + m = -d. Let u be ((-7)/(-2))/((-1)/(-2)). Calculate the greatest common factor of n and u.
7
Let s(i) = -i**2 + 6*i + 6. Let g be s(5). What is the greatest common divisor of 55 and g?
11
Let h be (-4401)/(-63) - 1/(-7). Calculate the greatest common divisor of 10 and h.
10
Suppose 3*l = -6 + 12. Let m(t) = -3*t - 4. Let k(i) = 3*i + 5. Let w(h) = -5*k(h) - 6*m(h). Let z be w(3). What is the highest common factor of l and z?
2
Let r(b) = 2*b**2 + 6*b + 6. Let z be r(-5). Let o = -5 + z. Let u be (-1)/(-2) + 54/4. Calculate the greatest common factor of u and o.
7
Let z(p) be the second derivative of p**3/6 + 3*p**2/2 + 2*p. Suppose -2*k - 1 = -13. Let i be z(k). Calculate the highest common factor of 72 and i.
9
Let n = -13 - -79. Let w be (-15 + 0)*(-4)/(-10). Let i be (-32)/w + (-6)/(-9). Calculate the highest common divisor of n and i.
6
Let u(z) = -z - 1. Let s be u(-2). Let v be (-2 + s)*76/2. Let a = v - -53. What is the highest common factor of 45 and a?
15
Suppose 4*r + 9 = 33. Calculate the greatest common divisor of r and 15.
3
Let m be (2/6)/(3/27). Suppose 0 = 3*t + 3*x + 3, -4*x + 0 = -2*t + 16. Let w be (t/5)/(4/60). Calculate the greatest common factor of m and w.
3
Let r = -12 + 72. What is the greatest common divisor of r and 15?
15
Let i = -81 + 142. Let t = 160 - i. Let a = -54 + t. What is the highest common divisor of a and 5?
5
Suppose -4*d = -5*i + 62 + 31, 0 = 3*i - d - 60. What is the highest common divisor of i and 7?
7
Let d be (-20)/(-8)*10/1. Let y be 0*(1/1 - 0). Suppose -2*z = 3*j - 55, j + y*z - d = -2*z. What is the greatest common factor of j and 60?
15
Suppose 2*r - 1 = u - 5, -5*r = -2*u + 7. Let c be (-56)/(-10) + 6/15. What is the greatest common factor of c and u?
6
Suppose 0*w - 5*q = -2*w - 14, 0 = 2*q - 8. Suppose w*c = c + 144. What is the greatest common divisor of 9 and c?
9
Let o(y) = 25*y - 28. Let s be o(13). What is the highest common factor of 33 and s?
33
Let q(m) = 2*m - 2. Let j be q(3). Suppose z = j*z - 12. Suppose -z*o + 3*y - 24 = -141, 3*o - 119 = -4*y. Calculate the greatest common factor of 3 and o.
3
Suppose 6*k = 4*k + 24. Calculate the greatest common factor of 204 and k.
12
Suppose 0 = 4*u - p - 480, p = 5*u - p - 600. What is the highest common divisor of u and 15?
15
Let x(z) = 2*z + 11. Let c be x(-6). Let d = 8 - c. What is the greatest common divisor of d and 9?
9
Let j = 156 + -138. Calculate the greatest common factor of j and 6.
6
Let n(p) = p**3 - 7*p**2 + 2*p - 7. Let a be n(7). Suppose a*z + 45 = 12*z. Calculate the highest common factor of 9 and z.
9
Let w = -26 - -38. Calculate the highest common divisor of 30 and w.
6
Let f be (-2)/(-6) + 32/3. Suppose -m + 66 = m. Calculate the highest common divisor of f and m.
11
Suppose -2*u = -u - 4*m - 19, -4*u = -3*m - 37. Let g be (2 - (-50)/(-4))*-2. What is the highest common factor of g and u?
7
Let z = 54 + -53. What is the greatest common factor of z and 4?
1
Suppose 35*s - 31*s - 80 = 0. Let n = 7 + 13. What is the highest common factor of n and s?
20
Let f(j) = 23*j**2 + 1. Let p(r) = -r**3 - r**2 + 4*r + 2. Let s be p(-3). Suppose -s = 2*c - 6. Let h be f(c). What is the highest common factor of 6 and h?
6
Suppose 0*j + 3*j - 5*k = 135, 203 = 5*j - k. Suppose -3*t + t = -j. Calculate the greatest common factor of t and 60.
20
Suppose -i + 6 = 1, 5*j - 3*i - 425 = 0. What is the greatest common factor of j and 11?
11
Suppose -5*w - 3*z + 40 = -2, 2*w - 2*z - 20 = 0. Let n be ((-81)/(-9) - 10)/((-2)/162). Calculate the greatest common factor of n and w.
9
Let a(n) = -4*n. Let w be a(-7). Let p(b) = -b**3 - 7*b**2 - 7*b - 2. Let k be p(-6). What is the highest common divisor of w and k?
4
Let x be (4/(-3))/(6/1359). Let f be -1 + 0 + x/(-2). What is the greatest common factor of f and 15?
15
Let c = -674 - -960. What is the highest common factor of c and 26?
26
Suppose -q + 1 + 11 = 0. What is the highest common factor of 30 and q?
6
Suppose -3*c - 105 = -4*c. What is the greatest common factor of c and 42?
21
Let f = 70 - 35. Calculate the greatest common factor of f and 7.
7
Let y(s) = -s**2 + 7*s - 2. Let c be ((-16)/6)/(18/(-27)). Let o be y(c). Calculate the greatest common factor of 25 and o.
5
Suppose s - 48 = -3*s. Suppose 5*d + 3*z = -0*z - 17, 4*d = 4*z + s. Let p be (0 - -1)/d + 9. Calculate the greatest common factor of p and 16.
8
Suppose -2 + 7 = a. Suppose 0 = -2*h + 7*h - 175. What is the greatest common factor of a and h?
5
Let n = 1 + 21. What is the greatest common factor of 55 and n?
11
Let a(k) be the second derivative of -k**5/20 - k**4/3 - k**3/3 - 2*k**2 - k. Let c be a(-4). Calculate the greatest common divisor of 40 and c.
4
Suppose -2*f = 2*f - 16. Suppose -f*p = -5*p - 20. Let o = p - -32. Calculate the greatest common divisor of o and 8.
4
Let r = 100 + -35. Let n = 31 + -22. Let p = n - -4. What is the greatest common factor of r and p?
13
Suppose 44 = -p + 5*p + 5*m, -4*m = p. What is the highest common factor of 40 and p?
8
Let z = 11 + 2. Let j = 69 + -30. What is the greatest common factor of j and z?
13
Let y = 35 + -14. Let b be 6/(-4) - 136/(-16). Calculate the highest common divisor of b and y.
7
Suppose -4*l + 8 = -0. Suppose 0*p - l*p - 5*k = -37, k - 17 = -2*p. Calculate the highest common factor of p and 24.
6
Let o = -164 - -199. What is the greatest common factor of o and 20?
5
Let a(v) = 3*v**2 - 2*v + 18. Let f be a(0). What is the highest common factor of 63 and f?
9
Suppose 2*j + 2*j - 56 = 0. Let l(d) = -d**3 + 6*d**2 - 5*d - 1. Let x be l(5). Let m be 14/(0 + x/(-4)). Calculate the greatest common divisor of m and j.
14
Let h be (-1)/2 - 138/(-4). What is the highest common divisor of h and 17?
17
Let i(s) = s. Let p be i(3). Calculate the greatest common divisor of 24 and p.
3
Suppose 0 = 4*h - 4, -2*q - 5*h = -6*q + 79. Calculate the greatest common factor of q and 84.
21
Suppose s + 65 = 5*m + 5, 2*m = -2*s + 24. What is the greatest common divisor of 36 and m?
12
Let h be (-92)/(-8)*(-2 - 0). Let v = 50 - h. Let t = 123 - v. Calculate the highest common factor of t and 10.
10
Suppose -4*p = p - 10. Suppose -g + 10 + p = 0. Let h be 0 - (-9 + 0 + 1). Calculate the greatest common divisor of g and h.
4
Suppose 38 + 34 = 4*d. What is the greatest common factor of d and 126?
18
Let y = 142 + -77. What is the highest common factor of y and 26?
13
Let s(b) = -13*b**2 + 2*b - 2. Let f(u) = -1. Let m(i) = 3*f(i) - s(i). Let z be m(-1). What is the highest common divisor of z and 14?
14
Let a(n) = -n + 9. Let w be a(8). Let x be (29/2)/(w/2). Let j = x + -18. Calculate the highest common divisor of j and 121.
11
Let j be 1/((-2)/(-8)*1). Suppose 0 = -j*g + 28. What is the greatest common divisor of g and 7?
7
Suppose n + 0*n = -2*q + 67, q - 4*n = 38. Let d = q - 22. Calculate the highest common divisor of d and 96.
12
Suppose 4*v = -v + 30. Let h = v + -1. Calculate the greatest common divisor of h and 2.
1
Suppose -2*u - 5*y = 10, -4*u - 5*y = -0*u + 30. Let g = -7 - u. Let r = g + -2. What is the highest common divisor of 8 and r?
1
Suppose -4*g = -4*o + 193 + 75, -4*o = -5